en 30508 is divided by 1378.
192
What is the remainder when 126887 is divided by 42248?
143
What is the remainder when 23572782 is divided by 7200?
7182
Calculate the remainder when 580103 is divided by 352.
7
Calculate the remainder when 57687 is divided by 19088.
423
What is the remainder when 65842857 is divided by 6?
3
Calculate the remainder when 598120 is divided by 14.
12
What is the remainder when 1684141 is divided by 103?
91
Calculate the remainder when 76788733 is divided by 12798120.
13
What is the remainder when 2175868 is divided by 2683?
2638
Calculate the remainder when 7967494 is divided by 22507.
16
Calculate the remainder when 362125 is divided by 27855.
10
Calculate the remainder when 4482755 is divided by 12.
11
Calculate the remainder when 7633270 is divided by 946.
942
Calculate the remainder when 699100 is divided by 2050.
50
Calculate the remainder when 600080 is divided by 1667.
1627
Calculate the remainder when 13616524 is divided by 438.
418
What is the remainder when 121235592 is divided by 90?
12
What is the remainder when 1153106008 is divided by 35?
33
What is the remainder when 4755255 is divided by 41?
34
What is the remainder when 272291 is divided by 78?
71
Calculate the remainder when 319603 is divided by 10296.
427
What is the remainder when 19384098 is divided by 29?
5
Calculate the remainder when 397510 is divided by 507.
22
What is the remainder when 250723 is divided by 8348?
283
What is the remainder when 581428 is divided by 1327?
202
What is the remainder when 3963454 is divided by 31?
11
Calculate the remainder when 755262 is divided by 1118.
612
What is the remainder when 1568764 is divided by 417?
10
What is the remainder when 214976 is divided by 1641?
5
What is the remainder when 1722211 is divided by 161?
155
Calculate the remainder when 3550246 is divided by 26.
24
Calculate the remainder when 247525 is divided by 1110.
1105
What is the remainder when 961400 is divided by 15506?
28
What is the remainder when 12430 is divided by 6191?
48
What is the remainder when 9160838 is divided by 54?
8
Calculate the remainder when 4044854 is divided by 674128.
86
What is the remainder when 53735 is divided by 1120?
1095
Calculate the remainder when 846610 is divided by 117.
115
What is the remainder when 7298363 is divided by 148?
39
Calculate the remainder when 48889346 is divided by 100.
46
Calculate the remainder when 1630874 is divided by 1020.
914
What is the remainder when 116710 is divided by 38879?
73
Calculate the remainder when 474821 is divided by 158206.
203
What is the remainder when 114598 is divided by 734?
94
What is the remainder when 1451998 is divided by 362995?
18
What is the remainder when 616404 is divided by 504?
12
Calculate the remainder when 1433341 is divided by 1131.
364
Calculate the remainder when 3593839 is divided by 3157.
1173
Calculate the remainder when 701590 is divided by 700514.
1076
What is the remainder when 18899326 is divided by 283?
20
Calculate the remainder when 2934369 is divided by 987.
18
Calculate the remainder when 386556 is divided by 2161.
1898
What is the remainder when 67565 is divided by 629?
262
Calculate the remainder when 559606 is divided by 17.
0
What is the remainder when 1066301 is divided by 56117?
78
What is the remainder when 28821822 is divided by 6304?
6238
What is the remainder when 2182552 is divided by 596?
0
Calculate the remainder when 1586591 is divided by 73.
9
Calculate the remainder when 11356027 is divided by 67.
63
Calculate the remainder when 369570 is divided by 8594.
28
What is the remainder when 1127571 is divided by 5269?
5
What is the remainder when 1548819 is divided by 49?
27
What is the remainder when 290481 is divided by 32239?
330
What is the remainder when 23605 is divided by 7377?
1474
What is the remainder when 5208 is divided by 1087?
860
Calculate the remainder when 29609074 is divided by 4.
2
What is the remainder when 5720 is divided by 2161?
1398
What is the remainder when 23688253 is divided by 7896081?
10
What is the remainder when 18863850 is divided by 9431918?
14
Calculate the remainder when 275866 is divided by 1339.
32
Calculate the remainder when 30580180 is divided by 33.
4
What is the remainder when 99377 is divided by 2159?
63
What is the remainder when 1911994 is divided by 173?
171
What is the remainder when 3677542 is divided by 76613?
118
What is the remainder when 12750672 is divided by 1416732?
84
What is the remainder when 712937 is divided by 691?
516
What is the remainder when 177880 is divided by 177705?
175
Calculate the remainder when 3937681967 is divided by 13.
11
Calculate the remainder when 1620117 is divided by 378.
9
What is the remainder when 42582817 is divided by 373?
18
What is the remainder when 35800707 is divided by 15?
12
Calculate the remainder when 24272526 is divided by 2198.
12
What is the remainder when 249360 is divided by 6393?
33
Calculate the remainder when 2300957 is divided by 15547.
1
What is the remainder when 134613 is divided by 32015?
6553
Calculate the remainder when 18850876 is divided by 80.
76
What is the remainder when 4187808 is divided by 121?
119
Calculate the remainder when 263285 is divided by 131614.
57
Calculate the remainder when 1511463 is divided by 17.
10
Calculate the remainder when 2009818857 is divided by 190.
187
What is the remainder when 2921938 is divided by 873?
7
What is the remainder when 40077 is divided by 7857?
792
Calculate the remainder when 14636655 is divided by 2927326.
25
Calculate the remainder when 11919486 is divided by 5959689.
108
Calculate the remainder when 27957 is divided by 54.
39
Calculate the remainder when 8145198 is divided by 488.
478
Calculate the remainder when 326353 is divided by 995.
988
What is the remainder when 81856569 is divided by 141?
6
What is the remainder when 4614592 is divided by 69?
10
What is the remainder when 2577578 is divided by 2132?
2122
What is the remainder when 6381167 is divided by 16404?
11
What is the remainder when 338390 is divided by 1235?
0
What is the remainder when 51590559 is divided by 146?
145
What is the remainder when 21792048 is divided by 511?
453
Calculate the remainder when 25439898 is divided by 454.
8
What is the remainder when 16887692 is divided by 8443836?
20
What is the remainder when 65327 is divided by 2495?
457
Calculate the remainder when 14629821 is divided by 4876605.
6
Calculate the remainder when 648516 is divided by 1474.
1430
What is the remainder when 31127759 is divided by 281?
265
What is the remainder when 5548258 is divided by 1335?
1333
What is the remainder when 31765627 is divided by 37?
17
Calculate the remainder when 2137274 is divided by 376.
90
Calculate the remainder when 622829 is divided by 2980.
9
Calculate the remainder when 105425 is divided by 3897.
206
Calculate the remainder when 751778 is divided by 3564.
3338
Calculate the remainder when 1664361 is divided by 207917.
1025
Calculate the remainder when 11828847 is divided by 3685.
3682
Calculate the remainder when 18787650 is divided by 32903.
37
Calculate the remainder when 529874 is divided by 3984.
2
Calculate the remainder when 466436 is divided by 541.
94
What is the remainder when 4213593 is divided by 2106795?
3
Calculate the remainder when 351451 is divided by 223.
3
What is the remainder when 164506 is divided by 164198?
308
What is the remainder when 18424950 is divided by 388?
382
What is the remainder when 95638391 is divided by 833?
828
What is the remainder when 385063 is divided by 4096?
39
What is the remainder when 231286560 is divided by 171?
168
What is the remainder when 284672 is divided by 455?
297
What is the remainder when 82414 is divided by 20596?
30
What is the remainder when 389171 is divided by 12159?
83
What is the remainder when 1557236 is divided by 1557028?
208
Calculate the remainder when 227728 is divided by 886.
26
Calculate the remainder when 14776112 is divided by 279.
272
What is the remainder when 40117005 is divided by 51235?
0
Calculate the remainder when 22067414 is divided by 711845.
219
What is the remainder when 1770521 is divided by 590072?
305
What is the remainder when 107646 is divided by 262?
226
Calculate the remainder w